{"id":305,"date":"2025-06-04T06:03:28","date_gmt":"2025-06-04T06:03:28","guid":{"rendered":"https:\/\/sweet-euler.217-170-194-49.plesk.page\/var\/www\/vhosts\/sweet-euler.217-170-194-49.plesk.pagehttpdocs\/?page_id=305"},"modified":"2025-06-04T06:03:28","modified_gmt":"2025-06-04T06:03:28","slug":"frakt-og-levering","status":"publish","type":"page","link":"https:\/\/sweet-euler.217-170-194-49.plesk.page\/index.php\/frakt-og-levering\/","title":{"rendered":"Frakt og levering"},"content":{"rendered":"<section class=\"bde-section-305-100 bde-section\">\n  \n  \n\t\n\n\n\n<div class=\"section-container\"><div class=\"bde-rich-text-305-101 bde-rich-text breakdance-rich-text-styles\">\n<section class=\"bde-section-13-100 bde-section\">\n<div class=\"section-container\">\n<div class=\"bde-code-block-13-101 bde-code-block\">\n<h2 class=\"wp-block-heading\">Frakt og levering<\/h2>\n<p>Varekj\u00f8p er for tiden kun mulig til postadresser i Norge.<\/p>\n<p>Dogshop sender med PostNord, da f\u00e5r du pakken til pakkeboks (maks 10kg) eller ditt n\u00e6rmeste hentested.<\/p>\n<p>Dogshop vil fors\u00f8ke \u00e5 levere hele bestillingen samlet. Dersom det ikke er mulig \u00e5 levere hele bestillingen innen rimelig tid, vil vi sende det vi har p\u00e5 lager og ettersende resten. Kunden vil ikke bli belastet for ekstra omkostninger ved ettersending.<\/p>\n<p>PAKKER TIL POSTKASSE KAN KUN V\u00c6RE 8CM I TYKKELSE. ER PAKKEN TYKKERE ENN 8CM S\u00c5 SENDES DEN AUTOMATISK TIL HENTESTED. PASS P\u00c5 OG HA EN TOM POSTKASSE F\u00d8R FORVENTET LEVERING.<\/p>\n<p>Leveringstid<\/p>\n<p>Forventet leveringstid er 2-5 dager etter bestilling. Dette er gitt at varen er p\u00e5 lager. Om varen ikke er p\u00e5 lager vil du bli kontaktet for leveringstid, da dette varierer hos leverand\u00f8r.<\/p>\n<p><strong>Hva skjer om jeg ikke henter pakken min?<\/strong><\/p>\n<p>Pakker som ikke blir hentet<br \/>Pakker som av forskjellige \u00e5rsaker ikke blir hentet ut av kunden vil bli belastet med et administrasjonsgebyr p\u00e5 119 kr i tillegg til returgebyret p\u00e5 119 kr. Kunden er selv ansvarlig for \u00e5 oppgi korrekte leveringsopplysninger som navn, adresse og tlf. Pakker\/gods som nektes mottatt regnes som uavhentet og behandles p\u00e5 samme m\u00e5te.<\/p>\n<p><strong>Sporing<\/strong><\/p>\n<p>N\u00e5r varene er klargjort for utsendelse, sender vi leveringsbekreftelsen p\u00e5 e-post kunden har oppgitt. Det vil s\u00e5 g\u00e5 noe tid f\u00f8r pakken er sporbar.<\/p>\n<p><strong>Bytte varer\/Retur<\/strong><\/p>\n<p>\u00d8nsker du \u00e5 bytte en vare, s\u00e5 returnerer du varen du ikke \u00f8nsker med angrerettskjemaet nederst p\u00e5 siden, deretter legger du en ny bestilling nettbutikken med en ny betaling. Send oss en mail p\u00e5\u00a0<a href=\"mailto:kontakt@dogshop.no\">kontakt@dogshop.no<\/a>for \u00e5 f\u00e5 tilsendt returlapp.\u00a0Alle returer belastes med\u00a0kr 119,-<br \/>Dette dekker fraktkostnaden. Velger du \u00e5 sende tilbake pakken p\u00e5 egen h\u00e5nd, m\u00e5 du s\u00f8rge for at pakken ikke sendes til et utleveringssted, med postoppkrav eller som rekommandert post. Returen skal leveres til: Dogshop AS, Skjebergveien 9, 1738 BORGENHAUGEN<\/p>\n<p>Varer som ikke kan returneres:<\/p>\n<p>Om varen er brukt, originalemballasjen er skadet eller om varen mangler medf\u00f8lgende lapper, manualer, bruksanvisninger etc. godkjennes ikke returen.<\/p>\n<p><strong>Angrerettskjema<br \/><\/strong>Last ned v\u00e5rt skjema her:\u00a0<a href=\"https:\/\/dogshop.no\/wp-content\/uploads\/2024\/09\/angreskjema-dogshop.pdf\" target=\"_blank\" rel=\"noreferrer noopener\">Angrerettskjema<\/a><\/p>\n<\/div>\n<\/div>\n<\/section>\n<\/div><\/div>\n<\/section>","protected":false},"excerpt":{"rendered":"<p>Frakt og levering Varekj\u00f8p er for tiden kun mulig til postadresser i Norge. Dogshop sender med PostNord, da f\u00e5r du pakken til pakkeboks (maks 10kg) eller ditt n\u00e6rmeste hentested. Dogshop vil fors\u00f8ke \u00e5 levere hele bestillingen samlet. Dersom det ikke er mulig \u00e5 levere hele bestillingen innen rimelig tid, vil vi sende det vi har [&hellip;]<\/p>\n","protected":false},"author":1,"featured_media":0,"parent":0,"menu_order":0,"comment_status":"closed","ping_status":"closed","template":"","meta":{"_breakdance_hide_in_design_set":false,"_breakdance_tags":"","footnotes":""},"class_list":["post-305","page","type-page","status-publish","hentry"],"_links":{"self":[{"href":"https:\/\/sweet-euler.217-170-194-49.plesk.page\/index.php\/wp-json\/wp\/v2\/pages\/305","targetHints":{"allow":["GET"]}}],"collection":[{"href":"https:\/\/sweet-euler.217-170-194-49.plesk.page\/index.php\/wp-json\/wp\/v2\/pages"}],"about":[{"href":"https:\/\/sweet-euler.217-170-194-49.plesk.page\/index.php\/wp-json\/wp\/v2\/types\/page"}],"author":[{"embeddable":true,"href":"https:\/\/sweet-euler.217-170-194-49.plesk.page\/index.php\/wp-json\/wp\/v2\/users\/1"}],"replies":[{"embeddable":true,"href":"https:\/\/sweet-euler.217-170-194-49.plesk.page\/index.php\/wp-json\/wp\/v2\/comments?post=305"}],"version-history":[{"count":4,"href":"https:\/\/sweet-euler.217-170-194-49.plesk.page\/index.php\/wp-json\/wp\/v2\/pages\/305\/revisions"}],"predecessor-version":[{"id":318,"href":"https:\/\/sweet-euler.217-170-194-49.plesk.page\/index.php\/wp-json\/wp\/v2\/pages\/305\/revisions\/318"}],"wp:attachment":[{"href":"https:\/\/sweet-euler.217-170-194-49.plesk.page\/index.php\/wp-json\/wp\/v2\/media?parent=305"}],"curies":[{"name":"wp","href":"https:\/\/api.w.org\/{rel}","templated":true}]}}